
{"id":264,"date":"2021-03-23T08:56:30","date_gmt":"2021-03-23T07:56:30","guid":{"rendered":"https:\/\/przedszkole61.edu.wroclaw.pl\/?page_id=264"},"modified":"2026-01-15T21:46:46","modified_gmt":"2026-01-15T20:46:46","slug":"rada-rodzicow","status":"publish","type":"page","link":"https:\/\/przedszkole61.edu.wroclaw.pl\/index.php\/o-przedszkolu\/rada-rodzicow\/","title":{"rendered":"Rada Rodzic\u00f3w"},"content":{"rendered":"<div class=\"wpb-content-wrapper\"><p>[vc_row][vc_column][vc_column_text css=&#8221;&#8221;]Rada Rodzic\u00f3w reprezentuje interesy dzieci przedszkolnych poprzez reprezentowanie dzia\u0142a\u0144 jako organ wynikaj\u0105cy z przepis\u00f3w o\u015bwiatowych Statutu Przedszkola oraz Regulaminu Rady Rodzic\u00f3w.<\/p>\n<p>Sk\u0142adka na fundusz Rady Rodzic\u00f3w w Przedszkolu Nr 61 przeznaczona jest na pokrycie koszt\u00f3w inicjatyw przedszkolnych. Nale\u017c\u0105 do nich m.in. imprezy okoliczno\u015bciowe, wycieczki i spotkania muzyczno-teatralne.<\/p>\n<p>Sk\u0142adka roczna podzielona jest na dwie raty. Sk\u0142adk\u0119 zbieraj\u0105 przedstawiciele Rady Rodzic\u00f3w w ustalonych wcze\u015bniej terminach w szatni Przedszkola Nr 61. Terminy podawane s\u0105 na bie\u017c\u0105co.<\/p>\n<p>Kontakt z Rad\u0105 Rodzic\u00f3w pod adresem mailowym:\u00a0<a href=\"mailto:radarodzicow61@op.pl\">radarodzicowp61@gmail.com<\/a><\/p>\n<p><a href=\"https:\/\/przedszkole61.edu.wroclaw.pl\/wp-content\/uploads\/sites\/58\/2021\/03\/Regulamin-Rady-Rodzicow.pdf\">Regulamin Rady Rodzic\u00f3w &#8211; pdf<\/a><\/p>\n<p><strong>Przewodnicz\u0105ca Rady Rodzic\u00f3w :<br \/>\nPani Magdalena Dimos<br \/>\n<\/strong><\/p>\n<p><strong>Zast\u0119pca:<br \/>\nJoanna Samson<\/strong><\/p>\n<p><strong>Skarbnik:<br \/>\nKinga Wilkowiecka<\/strong><\/p>\n<p>&nbsp;<\/p>\n<p>&nbsp;<\/p>\n<p>[\/vc_column_text][\/vc_column][\/vc_row]<\/p>\n<\/div>","protected":false},"excerpt":{"rendered":"<p>[vc_row][vc_column][vc_column_text css=&#8221;&#8221;]Rada Rodzic\u00f3w reprezentuje interesy dzieci przedszkolnych poprzez reprezentowanie dzia\u0142a\u0144 jako organ wynikaj\u0105cy z przepis\u00f3w o\u015bwiatowych Statutu Przedszkola oraz Regulaminu Rady Rodzic\u00f3w. Sk\u0142adka na fundusz Rady Rodzic\u00f3w w Przedszkolu Nr [&hellip;]<\/p>\n","protected":false},"author":15,"featured_media":0,"parent":178,"menu_order":0,"comment_status":"closed","ping_status":"closed","template":"","meta":{"ngg_post_thumbnail":0,"footnotes":""},"class_list":["post-264","page","type-page","status-publish","hentry","clearfix"],"_links":{"self":[{"href":"https:\/\/przedszkole61.edu.wroclaw.pl\/index.php\/wp-json\/wp\/v2\/pages\/264","targetHints":{"allow":["GET"]}}],"collection":[{"href":"https:\/\/przedszkole61.edu.wroclaw.pl\/index.php\/wp-json\/wp\/v2\/pages"}],"about":[{"href":"https:\/\/przedszkole61.edu.wroclaw.pl\/index.php\/wp-json\/wp\/v2\/types\/page"}],"author":[{"embeddable":true,"href":"https:\/\/przedszkole61.edu.wroclaw.pl\/index.php\/wp-json\/wp\/v2\/users\/15"}],"replies":[{"embeddable":true,"href":"https:\/\/przedszkole61.edu.wroclaw.pl\/index.php\/wp-json\/wp\/v2\/comments?post=264"}],"version-history":[{"count":13,"href":"https:\/\/przedszkole61.edu.wroclaw.pl\/index.php\/wp-json\/wp\/v2\/pages\/264\/revisions"}],"predecessor-version":[{"id":39230,"href":"https:\/\/przedszkole61.edu.wroclaw.pl\/index.php\/wp-json\/wp\/v2\/pages\/264\/revisions\/39230"}],"up":[{"embeddable":true,"href":"https:\/\/przedszkole61.edu.wroclaw.pl\/index.php\/wp-json\/wp\/v2\/pages\/178"}],"wp:attachment":[{"href":"https:\/\/przedszkole61.edu.wroclaw.pl\/index.php\/wp-json\/wp\/v2\/media?parent=264"}],"curies":[{"name":"wp","href":"https:\/\/api.w.org\/{rel}","templated":true}]}}