
{"id":298,"date":"2021-03-24T08:19:12","date_gmt":"2021-03-24T07:19:12","guid":{"rendered":"https:\/\/przedszkole61.edu.wroclaw.pl\/?page_id=298"},"modified":"2022-01-29T00:25:57","modified_gmt":"2022-01-28T23:25:57","slug":"gimnastyka-buzi-i-jezyka-logopeda-radzi","status":"publish","type":"page","link":"https:\/\/przedszkole61.edu.wroclaw.pl\/index.php\/oferta-edukacyjna\/gimnastyka-buzi-i-jezyka-logopeda-radzi\/","title":{"rendered":"Gimnastyka buzi i j\u0119zyka- logopeda radzi"},"content":{"rendered":"<div class=\"wpb-content-wrapper\"><p>[vc_row][vc_column][vc_column_text]<strong>Drodzy Rodzice!<\/strong><\/p>\n<p><strong>Drodzy Rodzice, serdecznie zapraszamy do kontaktu mailowego z logoped\u0105 przedszkolnym Pani\u0105 Beat\u0105 Sasak: <a href=\"mailto:beata.sasak@wroclawska.edukacja.pl\">beata.sasak@wroclawska.edukacja.pl<\/a><\/strong><\/p>\n<p>W trosce o prawid\u0142owy przebieg rozwoju mowy Waszego dziecka zamieszczamy na naszej stronie internetowej porady logopedyczne \u201eGimnastyka buzi i j\u0119zyka \u2013 logopeda radzi\u201d. Zach\u0119camy Pa\u0144stwa do zapoznania si\u0119 z artyku\u0142ami oraz gimnastyki buzi i j\u0119zyka razem z dzieckiem.<\/p>\n<p>Poradnik zosta\u0142 opracowany we wsp\u00f3\u0142pracy ze Szko\u0142\u0105 Podstawow\u0105 nr 2 im. Romualda Traugutta w J\u00f3zefowie.<\/p>\n<p><strong>ODDYCHANIE<\/strong><\/p>\n<p>Pliki do pobrania:<\/p>\n<p><a href=\"https:\/\/przedszkole61.edu.wroclaw.pl\/wp-content\/uploads\/sites\/58\/2021\/03\/ODDYCHANIE-USTAMI-A-KSZTALTOWANIE-SIE-WAD-ZGRYZU1.pdf\">ODDYCHANIE\u00a0 USTAMI A KSZTA\u0141TOWANIE SI\u0118 WAD ZGRYZU<\/a><\/p>\n<p><strong><a href=\"https:\/\/przedszkole61.edu.wroclaw.pl\/wp-content\/uploads\/sites\/58\/2021\/03\/ODDYCHANIE-c.d..pdf\">ODDYCHANIE c.d.<\/a><\/strong><\/p>\n<p><strong>ROZW\u00d3J I SK\u0141ADNIKI MOWY<\/strong><\/p>\n<p>Pliki do pobrania:<\/p>\n<p><a href=\"https:\/\/przedszkole61.edu.wroclaw.pl\/wp-content\/uploads\/sites\/58\/2021\/03\/12-PRZYKAZAN-LOGOPEDYCZNYCH1.pdf\">12 PRZYKAZA\u0143 LOGOPEDYCZNYCH<\/a><\/p>\n<p><a href=\"https:\/\/przedszkole61.edu.wroclaw.pl\/wp-content\/uploads\/sites\/58\/2021\/03\/KIEDY-DO-LOGOPEDY.pdf\">KIEDY DO LOGOPEDY<\/a><\/p>\n<p><a href=\"https:\/\/przedszkole61.edu.wroclaw.pl\/wp-content\/uploads\/sites\/58\/2021\/03\/MOWA-I-JEJ-SKLADNIKI.pdf\">MOWA I JEJ SKLADNIKI MOWA I JEJ SKLADNIKI<\/a><\/p>\n<p><a href=\"https:\/\/przedszkole61.edu.wroclaw.pl\/wp-content\/uploads\/sites\/58\/2021\/03\/ROZWOJ-MOWY.pdf\">ROZW\u00d3J MOWY<\/a><\/p>\n<p><strong><a href=\"https:\/\/przedszkole61.edu.wroclaw.pl\/wp-content\/uploads\/sites\/58\/2021\/03\/WTORNY-ANALFABETYZM.pdf\">WT\u00d3RNY ANALFABETYZM<\/a><\/strong><\/p>\n<p><strong>JAK \u0106WICZY\u0106?<\/strong><\/p>\n<p>Pliki do pobrania:<\/p>\n<p><a href=\"https:\/\/przedszkole61.edu.wroclaw.pl\/wp-content\/uploads\/sites\/58\/2021\/03\/CWICZENIA-ARTYKULACYJNE.pdf\">\u0106WICZENIA ARTYKULACYJNE<\/a><\/p>\n<p><a href=\"https:\/\/przedszkole61.edu.wroclaw.pl\/wp-content\/uploads\/sites\/58\/2021\/03\/CWICZENIA-ODDECHOWE.pdf\">\u0106WICZENIA ODDECHOWE<\/a><\/p>\n<p><a href=\"https:\/\/przedszkole61.edu.wroclaw.pl\/wp-content\/uploads\/sites\/58\/2021\/03\/CWICZENIA-SLUCHOWE.pdf\">\u0106WICZENIA S\u0141UCHOWE<\/a><\/p>\n<p><a href=\"https:\/\/przedszkole61.edu.wroclaw.pl\/wp-content\/uploads\/sites\/58\/2021\/03\/GLOSKI-K-G-H.pdf\">G\u0141OSKI K-G-H<\/a><\/p>\n<p><a href=\"https:\/\/przedszkole61.edu.wroclaw.pl\/wp-content\/uploads\/sites\/58\/2021\/03\/GLOSKI-S-Z-C-DZ.pdf\">G\u0141OSKI S-Z-C-DZ<\/a><\/p>\n<p><a href=\"https:\/\/przedszkole61.edu.wroclaw.pl\/wp-content\/uploads\/sites\/58\/2021\/03\/GLOSKI-SZ-Z-CZ-DZ.pdf\">G\u0141OSKI SZ-Z-CZ-DZ<\/a><\/p>\n<p><a href=\"https:\/\/przedszkole61.edu.wroclaw.pl\/wp-content\/uploads\/sites\/58\/2021\/03\/GLOSKA-R.pdf\">G\u0141OSKA R<\/a><\/p>\n<p><a href=\"https:\/\/przedszkole61.edu.wroclaw.pl\/wp-content\/uploads\/sites\/58\/2021\/03\/GLOSKI-T-D-N-L.pdf\">G\u0141OSKI T-D-N-L<\/a><\/p>\n<p><a href=\"https:\/\/przedszkole61.edu.wroclaw.pl\/wp-content\/uploads\/sites\/58\/2021\/03\/MOWA-BEZDZWIECZNA.pdf\">MOWA BEZD\u0179WI\u0118CZNA<\/a><\/p>\n<p><strong><a href=\"https:\/\/przedszkole61.edu.wroclaw.pl\/wp-content\/uploads\/sites\/58\/2021\/03\/PIONIZACJA-JEZYKA-I-POLYKANIE.pdf\">PIONIZACJA J\u0118ZYKA I PO\u0141YKANIE<\/a><\/strong><\/p>\n<p><strong>DLA MAM MA\u0141YCH DZIECI<\/strong><\/p>\n<p>Pliki do pobrania<\/p>\n<p><a href=\"https:\/\/przedszkole61.edu.wroclaw.pl\/wp-content\/uploads\/sites\/58\/2021\/03\/KOCHANI-RODZICE.-JAK-MOZECIE-MI-POMOC.TO-PROSTE.pdf\">KOCHANI RODZICE \u2013 JAK MO\u017bECIE MI POM\u00d3C? TO PROSTE<\/a><\/p>\n<p><a href=\"https:\/\/przedszkole61.edu.wroclaw.pl\/wp-content\/uploads\/sites\/58\/2021\/03\/MASAZ.pdf\">MASA\u017b<\/a><\/p>\n<p><a href=\"https:\/\/przedszkole61.edu.wroclaw.pl\/wp-content\/uploads\/sites\/58\/2021\/03\/STYMULACJA-JEZYKOWA-NAJMLODSZYCH.pdf\">STYMULACJA J\u0118ZYKOWA NAJM\u0141ODSZYCH<\/a><\/p>\n<p><a href=\"https:\/\/przedszkole61.edu.wroclaw.pl\/wp-content\/uploads\/sites\/58\/2021\/03\/ZLOTE-REGULY-HARMONIJNEGO-ROZWOJU-MOWY-DZIECKA1.pdf\">Z\u0141OTE REGU\u0141Y HARMONIJNEGO ROZWOJU MOWY DZIECKA<\/a>[\/vc_column_text][\/vc_column][\/vc_row]<\/p>\n<\/div>","protected":false},"excerpt":{"rendered":"<p>[vc_row][vc_column][vc_column_text]Drodzy Rodzice! Drodzy Rodzice, serdecznie zapraszamy do kontaktu mailowego z logoped\u0105 przedszkolnym Pani\u0105 Beat\u0105 Sasak: beata.sasak@wroclawska.edukacja.pl W trosce o prawid\u0142owy przebieg rozwoju mowy Waszego dziecka zamieszczamy na naszej stronie internetowej [&hellip;]<\/p>\n","protected":false},"author":15,"featured_media":0,"parent":151,"menu_order":0,"comment_status":"closed","ping_status":"closed","template":"","meta":{"ngg_post_thumbnail":0,"footnotes":""},"class_list":["post-298","page","type-page","status-publish","hentry","clearfix"],"_links":{"self":[{"href":"https:\/\/przedszkole61.edu.wroclaw.pl\/index.php\/wp-json\/wp\/v2\/pages\/298","targetHints":{"allow":["GET"]}}],"collection":[{"href":"https:\/\/przedszkole61.edu.wroclaw.pl\/index.php\/wp-json\/wp\/v2\/pages"}],"about":[{"href":"https:\/\/przedszkole61.edu.wroclaw.pl\/index.php\/wp-json\/wp\/v2\/types\/page"}],"author":[{"embeddable":true,"href":"https:\/\/przedszkole61.edu.wroclaw.pl\/index.php\/wp-json\/wp\/v2\/users\/15"}],"replies":[{"embeddable":true,"href":"https:\/\/przedszkole61.edu.wroclaw.pl\/index.php\/wp-json\/wp\/v2\/comments?post=298"}],"version-history":[{"count":8,"href":"https:\/\/przedszkole61.edu.wroclaw.pl\/index.php\/wp-json\/wp\/v2\/pages\/298\/revisions"}],"predecessor-version":[{"id":38867,"href":"https:\/\/przedszkole61.edu.wroclaw.pl\/index.php\/wp-json\/wp\/v2\/pages\/298\/revisions\/38867"}],"up":[{"embeddable":true,"href":"https:\/\/przedszkole61.edu.wroclaw.pl\/index.php\/wp-json\/wp\/v2\/pages\/151"}],"wp:attachment":[{"href":"https:\/\/przedszkole61.edu.wroclaw.pl\/index.php\/wp-json\/wp\/v2\/media?parent=298"}],"curies":[{"name":"wp","href":"https:\/\/api.w.org\/{rel}","templated":true}]}}